mon divisor of h and 81.
9
Let z(w) = w**2 + 10*w - 37. Let q be z(-13). Let y be (-24 + 15/(-3))/((-2)/q). What is the greatest common divisor of 87 and y?
29
Let x(g) = 9*g**2 + 200*g - 604. Let b be x(3). Calculate the highest common divisor of 5951 and b.
11
Let b be (2 + -5)*86/4*-2. Suppose 99 = 2*w - 5*k, 3*w - k - b = -0*w. Let j(d) = 10*d - 2. Let t be j(3). What is the highest common factor of t and w?
14
Let n = -246 + 432. Suppose 3472 = -118*m + 174*m. What is the highest common factor of m and n?
62
Let o be ((-4)/7)/(2 - (-90)/(-42)). Suppose o*s + 5*s = 10*s. Suppose -p + s*p - 832 = -4*m, 1049 = 5*m + p. Calculate the greatest common divisor of m and 19.
19
Suppose -2*d - d = -y + 237, -5*y + 5*d = -1145. Let o be (-120)/(14/21*(0 - 3)). Calculate the greatest common divisor of o and y.
15
Suppose -2*w = 155 - 221. Suppose l = -t + 38, t - 5*l - w = -l. Let y be (-1)/(-3) - 1552/(-6). What is the highest common divisor of t and y?
37
Let d(x) = x + 1483. Let r be d(-11). What is the highest common divisor of r and 230?
46
Let q = 13397 - 13381. Calculate the greatest common factor of q and 58.
2
Let m = -39 + 89. Let d = -134 + 124. Let a be d/4*40/(-5). What is the greatest common divisor of a and m?
10
Let h(c) = -251*c - 1847. Let u be h(-8). What is the highest common factor of u and 56?
7
Let r(h) = 121*h - 1. Let p be r(1). Let y be 138/9 + 4/6. Suppose 82 = 3*u - 4*k, -14*u - 58 = -y*u + k. Calculate the greatest common factor of u and p.
30
Suppose 288*b + 988 = 340*b. What is the highest common divisor of b and 3211?
19
Let m be 4*(-4)/(-8)*-1. Let q be m + (-204)/(-5 - -1). Suppose 38*n - 21 = 35*n. Calculate the highest common divisor of n and q.
7
Suppose 454*u - 25 = 449*u. Let a(x) = 2*x**2 + x - 4. Let f be a(3). Suppose -2*j = -u - f. What is the highest common divisor of 11 and j?
11
Let x be 146 - (-4 + 64/8). Calculate the highest common factor of x and 142.
142
Suppose -6528 = -25*l + 268322. What is the greatest common divisor of l and 46?
46
Let u(f) be the first derivative of -3*f**2/2 - 48*f - 56. Let t be u(-18). What is the greatest common divisor of 96 and t?
6
Suppose -77*g = -66*g - 15345. Suppose 4*s = s + g. Calculate the highest common factor of 15 and s.
15
Let g = -25215 + 25295. Let u = 339 - 195. What is the greatest common divisor of g and u?
16
Let b = 85 - 120. Let x = 38 + b. Suppose x*k + 6*v - 41 = 2*v, -4*v = -4*k + 92. What is the highest common factor of k and 152?
19
Suppose r + 36 = 5*r. Suppose -906*o + 924*o = 36. What is the greatest common divisor of r and o?
1
Suppose -i + 87 = 2*i. Suppose -u = -3*u - 5*a + i, 5*a + 15 = 0. Let f(s) = -21*s + 9. Let h be f(-9). What is the highest common factor of u and h?
22
Suppose 9 = -3*g, -4*y - 139 = -g - 402. Let o(c) = c**2 + 152*c + 2327. Let h be o(-13). Calculate the greatest common divisor of h and y.
65
Let q be 43831/318 - (-1)/(0 - 6*-1). Calculate the highest common divisor of q and 1058.
46
Let s be 246/(-1) - ((2 - -4) + -3). Let x = s + 293. What is the highest common factor of 121 and x?
11
Suppose -2*b - 351 + 1267 = 4*d, -5*d + 913 = 2*b. What is the greatest common divisor of 3422 and b?
58
Suppose 18*d - 20*d + 4 = 0. Suppose -2*t + d = -2. Suppose -6*f + 288 = t*f. Calculate the greatest common factor of 18 and f.
18
Suppose 0 = -y - 3*m + 204, -10*y = -8*y - 5*m - 408. Calculate the greatest common factor of 24 and y.
12
Let l be (-36)/(-16) - (-2)/(-8). Let y be l/(-4) - 1800/(-16). Suppose 7*x - y = 14. Calculate the highest common divisor of 18 and x.
18
Let b(p) = 35*p - 5. Let i be b(7). Suppose -40 = -32*v + 22*v. Suppose y = v*y - i. Calculate the highest common factor of 10 and y.
10
Let w(z) = -4*z**2 + 7*z + 345. Let d be w(10). What is the highest common factor of d and 4605?
15
Let m be (68 - (0 + 2)) + (-9 - -7). Let y = 75 - m. Let l be (2 - 0) + 0 - (y + -119). What is the greatest common factor of l and 11?
11
Suppose 31*r + 629 - 47439 = 0. Calculate the highest common divisor of 10 and r.
10
Suppose -9*c = -4*c + 5*b + 470, 2*b = 8. Let p = c - -172. Suppose 5*h = -25, -5*h + 12 = -0*a + a. Calculate the greatest common factor of a and p.
37
Let x(m) = m**3 - 5*m**2 - m + 7. Let q = 5 + 0. Let f be x(q). Suppose 5 = 5*z - 2*h, -z + 97 - 74 = 4*h. What is the greatest common divisor of z and f?
1
Suppose -320826 = -90*j - 19*j - 41241. What is the highest common factor of 195 and j?
15
Let o(p) = -p**2 + 7*p. Let z be o(6). Suppose -z*r = -r + 5. Let a = 14 + r. What is the highest common divisor of 104 and a?
13
Let s = -22473 + 22561. What is the greatest common factor of 242 and s?
22
Suppose -3*t + 3*b + 358 - 112 = 0, -b = -5*t + 410. Let p = t + -55. Suppose 32*w - 35*w = -9. What is the highest common divisor of w and p?
3
Suppose s - 2*y = 6*s - 706, -551 = -4*s + 3*y. What is the greatest common factor of 14 and s?
14
Let i be -5 - (2/3)/((-2)/15). Suppose -8*c - 177 + 1833 = i. What is the highest common factor of c and 23?
23
Let n(h) = 14*h**2 - 39*h + 274. Let y be n(20). What is the greatest common factor of 18 and y?
18
Let c = -86 - -247. Let k = c - 29. Suppose 148 + 28 = 4*v. Calculate the greatest common factor of v and k.
44
Suppose 0 = -91*x + 64*x + 216. Suppose 3*l - 3*z - 411 = 0, l + 2*z = z + 135. What is the greatest common divisor of x and l?
8
Let s(u) = -63*u**2 + 2*u**3 + 31*u**2 + 19*u**2 + 68*u - 4. Let v be s(8). Calculate the greatest common divisor of v and 61.
61
Suppose 833*r - 35589 = 12588 + 43358 - 20730. Let h be (-102)/(-4)*14/3. What is the highest common factor of r and h?
17
Let n be (-12)/390 + (-262277)/(-65). Calculate the highest common divisor of n and 45.
15
Let j(u) = u**3 - 20*u**2 + 28. Let s be j(20). Let w be ((-32)/4 + -4)*s/(-6). Suppose -13*q + 6*q + w = 0. Calculate the highest common divisor of q and 144.
8
Suppose 203 - 24 = w - 4*y, 0 = -w - y + 169. What is the highest common factor of w and 1596?
57
Let y = 99 - 69. Let c be 2/17 - 9600/102. Let s = c - -134. What is the greatest common divisor of s and y?
10
Suppose 0*t = 3*n + 5*t - 38802, 3*n + 4*t - 38796 = 0. Calculate the highest common divisor of 72 and n.
36
Suppose w - 1347 = -2*w. Suppose -2*o = 0, -g + 0*o = 5*o + 305. Let l = g + w. Calculate the greatest common divisor of l and 16.
16
Let d be (-629)/(-3) + (7 - 4)/9. Suppose -13*r = -2*r - 660. Suppose b = 2*h - 0*b - r, -4*h = 3*b - 120. What is the greatest common divisor of d and h?
30
Suppose 4*m = -n + 6849, 9 = -1428*n + 1429*n. What is the greatest common divisor of 1520 and m?
190
Suppose 756 = 19*c - 4184. Suppose -4*s = s - c. Calculate the greatest common factor of 39 and s.
13
Suppose c + 3*u = 249, c + 36*u - 29*u - 253 = 0. What is the highest common divisor of 2050 and c?
82
Let a be (-6)/12*(12 - 4 - 2). Let o be ((-15)/a)/((-10)/(-16)). Let i = 0 - -1. What is the highest common divisor of o and i?
1
Let g be (144/60)/12 - 201*(-8)/60. Suppose 0*r - m + 15 = 3*r, 3*r + 4*m = 6. Calculate the highest common divisor of g and r.
3
Let k be (40 + 475813/(-51))*(-12)/2. What is the highest common factor of 58 and k?
58
Let u = -44 + 56. Let v be ((-4)/(u/(-15)))/(-1). Let y be (-116)/(-8) - v/(-10). What is the greatest common factor of y and 35?
7
Let n = 361 + -1100. Let g = 851 + n. Let t be 2/4 - (-110)/4. What is the greatest common factor of t and g?
28
Let g = -59 + 65. Suppose 0 = 5*j - 34 - g. Let u(k) = k**2 - 5*k - 23. Let f be u(j). What is the highest common factor of 8 and f?
1
Let c(m) = -m**3 - 7*m**2 - 8*m - 10. Let r be c(-6). Let y be -1 - (-129 + 2 + (r - 2)). Calculate the greatest common factor of y and 28.
14
Let x be 1318/12 - 0 - (-2)/12. What is the greatest common divisor of 7700 and x?
110
Let b(v) = 7*v**2 - 6*v - 389. Let p be b(-15). What is the greatest common divisor of p and 418?
22
Let f(i) = 24*i**3 + i + 8*i + 12*i**3 - 10*i. Let d be f(1). Let l be (6/(-14))/(38/(-1862)). Calculate the greatest common factor of l and d.
7
Suppose 63*c + 39204 = 184*c. Calculate the greatest common divisor of c and 432.
108
Let v(k) = -k**3 + 23*k**2 - 35*k - 138. Let m be (-5 - 102/(-18))/(6/189). Let y be v(m). What is the greatest common factor of y and 153?
9
Suppose 464 = 5*f + 2